+ 4*h - 31 = -s. Calculate the highest common factor of 532 and s.
28
Let r(z) = 859*z - 5733. Let x be r(7). Calculate the greatest common divisor of x and 1520.
40
Suppose -32*u - 25*u + 3570 = 28*u. Let j(w) = 8*w**3 + 3*w**2 - 4*w + 2. Let f be j(4). Calculate the highest common divisor of u and f.
42
Suppose 4*y - 154 - 74 = -4*f, -3*y + 201 = 5*f. Let s = 9 - -6. What is the highest common divisor of y and s?
3
Suppose 10*h - 5*h = -6*f + 1185, -774 = -4*f + 2*h. Calculate the highest common factor of 1599 and f.
39
Let a(d) = -27*d - 185. Let f be a(-7). Suppose -425 + 329 = -f*y. Let o(g) = 32*g - 8. Let m be o(7). Calculate the highest common factor of y and m.
24
Suppose -505 - 227 = -4*h. Let l = h - 101. What is the highest common divisor of l and 2?
2
Let u be (-6)/(-2) + -2 + -11. Let s = u + 7. Let z be (22/s)/((-6)/9). Calculate the greatest common divisor of z and 55.
11
Let g be (-6)/((-36)/(-6))*(-207872)/32. What is the highest common factor of 336 and g?
112
Suppose 341*r - 4*v = 343*r - 6192, 3*r - 5*v - 9310 = 0. What is the highest common factor of 248 and r?
124
Suppose -2*g - 5*s + 2796 = -36864, -13*s = -2*g + 39588. What is the highest common divisor of 20 and g?
20
Suppose -670 = -3*o + 2*x, 4*o - x = 2*o + 445. Calculate the highest common factor of o and 190.
10
Suppose -7*y + 78 = -2*i - 188, 0 = -3*y + i + 113. Calculate the highest common factor of 21680 and y.
40
Suppose 481*h - 16257 = 466*h + 10818. What is the highest common factor of 76 and h?
19
Let d = 82 + -73. Let b be 4 + (13/1 - 5). Calculate the highest common divisor of d and b.
3
Let o = 13812 + -2249. Calculate the greatest common factor of 62 and o.
31
Let d(u) = -205*u - 4973. Let j be d(-25). Calculate the greatest common divisor of 16568 and j.
152
Let d be (27/(-12))/(2/(-8)). Suppose f - 5*b + 15 = 5, -b = -4*f - 2. Suppose f = -h + 299 - 298. Calculate the greatest common divisor of h and d.
1
Let v be (2604/310)/((4/(-30))/(-1)). Suppose v*i = 62*i + 216. Calculate the highest common divisor of 24 and i.
24
Let k = 423 + 135. Let h = k + -166. Calculate the greatest common divisor of h and 112.
56
Let w be (11141/26 - 6)*(-6)/(-5). What is the highest common divisor of w and 6?
3
Let t(a) = -40*a + 112. Let b(o) = 2*o. Let k(x) = 3*b(x) - t(x). Let z be k(15). Calculate the highest common factor of 34 and z.
34
Let d(w) = -w**2 - 15*w - 15. Let i be d(-11). Suppose -4*q + 2*o = -38, 25*q = i*q - 4*o - 32. What is the greatest common factor of 1 and q?
1
Let r be 30/5 + (-2 - 1). Suppose 3*q - 26 = -11. Suppose -5*j = -5*a + r*a + 52, 0 = q*a - 4*j - 96. What is the greatest common factor of 24 and a?
8
Suppose 9*a = 11*a - 42. Suppose -98 = -a*u + 14*u. Calculate the highest common divisor of u and 126.
14
Let n = -163 - -189. Let i be ((-2)/(-6) - (-30)/18) + 63. What is the greatest common factor of n and i?
13
Let h be ((-6)/(-7))/(67/1394337). What is the greatest common divisor of 36 and h?
18
Let p be -1 - (-4)/(-16) - (13018/(-8) - -10). Calculate the greatest common factor of p and 144.
16
Let i(h) = -h**3 + 23*h**2 - 17*h + 166. Let v be i(22). Calculate the highest common divisor of 600 and v.
12
Let w = -51 - -58. Let y be 3514/49 - (-2)/w. Let p be 664/y - (-2)/(-9). Calculate the highest common factor of 18 and p.
9
Let a = -99 + 73. Let t = -17 - a. Calculate the greatest common divisor of 315 and t.
9
Let o(n) = 5*n**2 + 3*n + 7. Suppose 19*x - 24*x = 15. Let l be o(x). Suppose -5*y + l = -12. What is the greatest common factor of y and 33?
11
Let r(o) = 12*o**2 - 30*o - 103. Let h(m) = 6*m**2 - 15*m - 52. Let j(a) = -5*h(a) + 3*r(a). Let d be j(-3). What is the greatest common divisor of 50 and d?
50
Suppose o + 50 = -9*o. Let a be (-5)/(15/(-9)) + (o - -5). Let s be -1*a*-1*(-1 - -3). Calculate the greatest common divisor of 8 and s.
2
Let c = 11771 + -11195. What is the highest common factor of c and 72?
72
Let y(u) = -6*u - 1. Let r be y(-9). Suppose 31 = 4*d - r. Let g be 9/d + (-683)/(-7). What is the highest common divisor of g and 7?
7
Let l be ((252/56)/(-9))/(-2 + (-1003)/(-502)). Calculate the highest common divisor of l and 251.
251
Suppose 2080 = -50*l + 55*l - 5*o, 2*l + 3*o - 792 = 0. What is the greatest common factor of l and 1054?
34
Let v(m) = -11*m**2 + 329*m + 38. Let q be v(30). Calculate the greatest common factor of 1348 and q.
4
Let x = 118 - 77. Let u = 70 - x. What is the greatest common divisor of 377 and u?
29
Suppose -85 = -4*z + u, -2*u + 6 = 16. What is the greatest common factor of z and 6260?
20
Suppose -49*o + 148850 - 40411 = -44980. Calculate the greatest common factor of o and 101.
101
Suppose -r + 16 = -30. Suppose -12*x + 7*x + 50 = 0. Suppose -11*s + r = -x*s. What is the highest common divisor of 322 and s?
46
Let h = 2103 - 2061. Let f = -53 + 107. Calculate the highest common divisor of h and f.
6
Let d be (240/(-140))/(3/(-343)). What is the greatest common divisor of d and 364?
28
Suppose -4*f = -5*g - 9*f - 25, 4*g - 16 = 5*f. Suppose 17*p = 22*p. Let c be 24 + 3 + p - g. What is the highest common divisor of 224 and c?
28
Let i(g) = 150*g**2 + 67*g + 131. Let q be i(-2). Calculate the highest common divisor of q and 9.
3
Let b(w) be the first derivative of -w**3/3 + 4*w**2 - 8*w + 9. Let o be b(4). What is the greatest common factor of o and 10?
2
Suppose 49*t - 4 = 48*t. Let w be (-560)/(-48) + t/3. Calculate the greatest common divisor of w and 832.
13
Suppose 0*s - 5 = s + 2*u, 4*s = -5*u - 8. Let f(w) = 70*w - 38. Let d be f(s). What is the greatest common divisor of d and 43?
43
Let h = -325 - -13. Let s be (-8)/(-3)*h/(-16). Calculate the highest common factor of 52 and s.
52
Let h = 30 - -5. Let k(w) = 3*w**3 - w**2 - 7*w + 6. Let c be k(1). Let r be (2 - (-381)/c) + 24/12. Calculate the highest common divisor of h and r.
35
Suppose 35*b = 311 + 144. What is the highest common divisor of b and 20527?
13
Suppose -21*c - 38 = -2*c. Let r be -5 + 246/(-12)*c. Let d = -21 + 33. What is the greatest common divisor of d and r?
12
Let c(i) = -77*i - 3802. Let d be c(-66). What is the greatest common factor of 1040 and d?
80
Let f(o) = -o + 13. Let w be (-14)/(-21) + 8/6 + 2. Suppose -15*s - w = -16*s. Let h be f(s). Calculate the greatest common divisor of h and 63.
9
Suppose 0 = -19*m + 15*m + 68. Suppose 3*b = 830 + 343. What is the greatest common divisor of m and b?
17
Let p = 749 - 672. Suppose 9*l = 12*l - 5*k - p, -5*l = -2*k - 103. What is the greatest common divisor of l and 19?
19
Let m be -2 + -2 - (-3 - 6264)*26/78. Calculate the greatest common divisor of m and 60.
15
Let n be 25/((-325)/(-7488)) + 4/(-2)*2. Calculate the highest common factor of n and 312.
52
Let y = 344 - 348. Let b be (-4)/(-8) + (-274)/y. What is the greatest common factor of 115 and b?
23
Let u(v) = 14*v + 43. Let q be u(0). Let j(h) = h**3 - 8*h**2 + 9*h + 14. Let r be j(8). What is the greatest common factor of r and q?
43
Let v be (10 + -4)*(63 - 8)/11. Calculate the greatest common divisor of 7170 and v.
30
Let n = -3270 + 3977. What is the greatest common divisor of n and 259?
7
Let t(r) = 115*r**2 - 164*r - 165. Let a be t(-1). What is the highest common divisor of a and 3990?
114
Let j = -3630 + 3714. Calculate the highest common divisor of j and 468.
12
Suppose 0 = -719*p + 714*p + 180. Calculate the greatest common divisor of p and 68.
4
Let o be 88/11 - (-2)/((-14)/(-8155)). What is the highest common divisor of o and 207?
69
Suppose -3*d = p - 20, 0 = -2*d + 4*p + p + 2. Let k be 36/(-21) + 2 - 12/(-7). Suppose k*o - 13 - 5 = 0. Calculate the highest common divisor of o and d.
3
Let n = 97 + -29. Let d(c) = 64 - 12*c + n - 132. Let w be d(-1). What is the greatest common divisor of w and 156?
12
Suppose 17*c = 20*c - 12. Suppose -7*h - 5 = -11*h + f, -5*h - c*f = -22. What is the highest common divisor of h and 142?
2
Suppose 0 = 3*t + 2*q + 2267 - 26636, t + 3*q - 8130 = 0. Suppose 21*k = t - 2661. Calculate the highest common factor of 40 and k.
20
Let h(z) = z**2 + 6*z - 2. Let i be h(-7). Let o = i - -73. Let b be 5/10 - (-389)/2. What is the highest common factor of o and b?
39
Let d = -15 - -13. Let o be ((-24)/(-6 + d))/(1/21). Let k = 75 - o. Calculate the highest com